{"id":70,"date":"2024-09-05T09:27:41","date_gmt":"2024-09-05T09:27:41","guid":{"rendered":"http:\/\/www.genealogie.herve-bennezon.com\/?post_type=product&#038;p=70"},"modified":"2024-11-23T09:34:04","modified_gmt":"2024-11-23T09:34:04","slug":"histoire-dargenteuil","status":"publish","type":"product","link":"https:\/\/www.herve-bennezon.com\/?product=histoire-dargenteuil","title":{"rendered":"Histoire d&rsquo;Argenteuil"},"content":{"rendered":"<p><strong><em>Histoire d&rsquo;Argenteuil<\/em><\/strong><\/p>\n<p>Paris, Editions Valhermeil, 2013<\/p>\n<p>En collaboration avec Martine Lagain et Sophie Marvaud<\/p>\n<p>176 pages<\/p>\n","protected":false},"excerpt":{"rendered":"<p>L&rsquo;histoire d&rsquo;Argenteuil, m\u00eame si elle est indissociable de celle de l&rsquo;\u00cele-de-France, est singuli\u00e8re par bien des aspects. Les atouts de son vaste territoire bord\u00e9 par la Seine, fleuve navigable, et entour\u00e9 de collines, mais aussi la richesse de son sous-sol gypseux et de son sol propice \u00e0 l&rsquo;agriculture et \u00e0 la viticulture et enfin le rayonnement de son abbaye d\u00e8s le Moyen \u00c2ge, sont trois exemples marquants de cette singularit\u00e9.<\/p>\n<p>Ce livre document\u00e9 et abondamment illustr\u00e9 brosse un large panorama de l&rsquo;histoire d&rsquo;Argenteuil, de la formation g\u00e9ologique des collines du Parisis, puis de l&rsquo;installation des premiers hommes au cours de la pr\u00e9histoire, jusqu&rsquo;\u00e0 aujourd&rsquo;hui.<\/p>\n<p>Il fait la part belle aux XIX<sup>e<\/sup> et XX<sup>e<\/sup> si\u00e8cles qui ont vu la ville se transformer spectaculairement puisqu&rsquo;en quelques d\u00e9cennies le gros bourg tranquille est devenu une v\u00e9ritable ville, industrialis\u00e9e et bien reli\u00e9e \u00e0 Paris et au reste de la r\u00e9gion gr\u00e2ce aux ponts, aux routes et au chemin de fer. Sans parler des cons\u00e9quences sur Argenteuil de la \u00ab grande \u00bb histoire, depuis les incursions des Prussiens apr\u00e8s les d\u00e9faites napol\u00e9oniennes jusqu&rsquo;aux destructions de la Seconde Guerre mondiale et au boom \u00e9conomique et d\u00e9mographique de l&rsquo;apr\u00e8s-guerre.<\/p>\n<p>Mais il retrace aussi les grandes \u00e9tapes d&rsquo;un pass\u00e9 plus lointain : la construction de la muraille avec l&rsquo;aval de Fran\u00e7ois I<sup>er<\/sup>, la cr\u00e9ation de l&rsquo;h\u00f4pital par ordre de Louis XIV, aussi bien que les processions autour de la Sainte-Tunique des XVIII<sup>e<\/sup> et XIX<sup>e<\/sup> si\u00e8cles&#8230; Et enfin, il fait revivre les figures importantes qui ont marqu\u00e9 l&rsquo;histoire de la ville, d&rsquo;H\u00e9lo\u00efse \u00e0 Gabriel P\u00e9ri en passant par Mirabeau et Claude Monet.<\/p>\n<p>CET OUVRAGE EST ENCORE DISPONIBLE SUR LE SITE DE L&rsquo;EDITEUR<\/p>\n","protected":false},"featured_media":71,"comment_status":"open","ping_status":"closed","template":"","meta":[],"product_brand":[],"product_cat":[17],"product_tag":[],"class_list":{"0":"post-70","1":"product","2":"type-product","3":"status-publish","4":"has-post-thumbnail","6":"product_cat-livre","8":"first","9":"outofstock","10":"shipping-taxable","11":"purchasable","12":"product-type-simple"},"_links":{"self":[{"href":"https:\/\/www.herve-bennezon.com\/index.php?rest_route=\/wp\/v2\/product\/70","targetHints":{"allow":["GET"]}}],"collection":[{"href":"https:\/\/www.herve-bennezon.com\/index.php?rest_route=\/wp\/v2\/product"}],"about":[{"href":"https:\/\/www.herve-bennezon.com\/index.php?rest_route=\/wp\/v2\/types\/product"}],"replies":[{"embeddable":true,"href":"https:\/\/www.herve-bennezon.com\/index.php?rest_route=%2Fwp%2Fv2%2Fcomments&post=70"}],"wp:featuredmedia":[{"embeddable":true,"href":"https:\/\/www.herve-bennezon.com\/index.php?rest_route=\/wp\/v2\/media\/71"}],"wp:attachment":[{"href":"https:\/\/www.herve-bennezon.com\/index.php?rest_route=%2Fwp%2Fv2%2Fmedia&parent=70"}],"wp:term":[{"taxonomy":"product_brand","embeddable":true,"href":"https:\/\/www.herve-bennezon.com\/index.php?rest_route=%2Fwp%2Fv2%2Fproduct_brand&post=70"},{"taxonomy":"product_cat","embeddable":true,"href":"https:\/\/www.herve-bennezon.com\/index.php?rest_route=%2Fwp%2Fv2%2Fproduct_cat&post=70"},{"taxonomy":"product_tag","embeddable":true,"href":"https:\/\/www.herve-bennezon.com\/index.php?rest_route=%2Fwp%2Fv2%2Fproduct_tag&post=70"}],"curies":[{"name":"wp","href":"https:\/\/api.w.org\/{rel}","templated":true}]}}

<p>L&rsquo;histoire d&rsquo;Argenteuil, même si elle est indissociable de celle de l&rsquo;Île-de-France, est singulière par bien des aspects. Les atouts de son vaste territoire bordé par la Seine, fleuve navigable, et entouré de collines, mais aussi la richesse de son sous-sol gypseux et de son sol propice à l&rsquo;agriculture et à la viticulture et enfin le rayonnement de son abbaye dès le Moyen Âge, sont trois exemples marquants de cette singularité.</p>
<p>Ce livre documenté et abondamment illustré brosse un large panorama de l&rsquo;histoire d&rsquo;Argenteuil, de la formation géologique des collines du Parisis, puis de l&rsquo;installation des premiers hommes au cours de la préhistoire, jusqu&rsquo;à aujourd&rsquo;hui.</p>
<p>Il fait la part belle aux XIX<sup>e</sup> et XX<sup>e</sup> siècles qui ont vu la ville se transformer spectaculairement puisqu&rsquo;en quelques décennies le gros bourg tranquille est devenu une véritable ville, industrialisée et bien reliée à Paris et au reste de la région grâce aux ponts, aux routes et au chemin de fer. Sans parler des conséquences sur Argenteuil de la « grande » histoire, depuis les incursions des Prussiens après les défaites napoléoniennes jusqu&rsquo;aux destructions de la Seconde Guerre mondiale et au boom économique et démographique de l&rsquo;après-guerre.</p>
<p>Mais il retrace aussi les grandes étapes d&rsquo;un passé plus lointain : la construction de la muraille avec l&rsquo;aval de François I<sup>er</sup>, la création de l&rsquo;hôpital par ordre de Louis XIV, aussi bien que les processions autour de la Sainte-Tunique des XVIII<sup>e</sup> et XIX<sup>e</sup> siècles&#8230; Et enfin, il fait revivre les figures importantes qui ont marqué l&rsquo;histoire de la ville, d&rsquo;Héloïse à Gabriel Péri en passant par Mirabeau et Claude Monet.</p>
<p>CET OUVRAGE EST ENCORE DISPONIBLE SUR LE SITE DE L&rsquo;EDITEUR</p>
