{"id":217,"date":"2024-09-06T15:09:59","date_gmt":"2024-09-06T15:09:59","guid":{"rendered":"http:\/\/www.genealogie.herve-bennezon.com\/?page_id=217"},"modified":"2024-09-06T15:10:02","modified_gmt":"2024-09-06T15:10:02","slug":"revue-de-presse","status":"publish","type":"page","link":"https:\/\/www.herve-bennezon.com\/?page_id=217","title":{"rendered":"Revue de presse"},"content":{"rendered":"<ul class=\"wp-block-latest-posts__list wp-block-latest-posts\"><li><div class=\"wp-block-latest-posts__featured-image\"><img loading=\"lazy\" decoding=\"async\" width=\"150\" height=\"150\" src=\"https:\/\/www.herve-bennezon.com\/wp-content\/uploads\/2025\/10\/Cafe-Livre-150x150.jpg\" class=\"attachment-thumbnail size-thumbnail wp-post-image\" alt=\"\" style=\"\" srcset=\"https:\/\/www.herve-bennezon.com\/wp-content\/uploads\/2025\/10\/Cafe-Livre-150x150.jpg 150w, https:\/\/www.herve-bennezon.com\/wp-content\/uploads\/2025\/10\/Cafe-Livre-600x600.jpg 600w, https:\/\/www.herve-bennezon.com\/wp-content\/uploads\/2025\/10\/Cafe-Livre-420x420.jpg 420w, https:\/\/www.herve-bennezon.com\/wp-content\/uploads\/2025\/10\/Cafe-Livre-100x100.jpg 100w\" sizes=\"auto, (max-width: 150px) 100vw, 150px\" \/><\/div><a class=\"wp-block-latest-posts__post-title\" href=\"https:\/\/www.herve-bennezon.com\/?p=431\">Ma derni\u00e8re publication<\/a><div class=\"wp-block-latest-posts__post-excerpt\">Retrouvez mon article \u00ab\u00a0Le souffle du vaste monde, du caf\u00e9 en Picardie au si\u00e8cle des Lumi\u00e8res\u00a0\u00bb, ouvrage collectif paru aux Presses universitaires\u2026 <a class=\"wp-block-latest-posts__read-more\" href=\"https:\/\/www.herve-bennezon.com\/?p=431\" rel=\"noopener noreferrer\">Lire la suite<span class=\"screen-reader-text\">\u00a0: Ma derni\u00e8re publication<\/span><\/a><\/div><\/li>\n<li><a class=\"wp-block-latest-posts__post-title\" href=\"https:\/\/www.herve-bennezon.com\/?p=357\">Conf\u00e9rence de Montdidier, 5 octobre 2024<\/a><div class=\"wp-block-latest-posts__post-excerpt\">Un article de Fr\u00e9d\u00e9ric Patte, du Courrier Picard, suite \u00e0 la conf\u00e9rence donn\u00e9e \u00e0 l&rsquo;H\u00f4tel-de-Ville de Montdidier dans la foul\u00e9e de la\u2026 <a class=\"wp-block-latest-posts__read-more\" href=\"https:\/\/www.herve-bennezon.com\/?p=357\" rel=\"noopener noreferrer\">Lire la suite<span class=\"screen-reader-text\">\u00a0: Conf\u00e9rence de Montdidier, 5 octobre 2024<\/span><\/a><\/div><\/li>\n<li><a class=\"wp-block-latest-posts__post-title\" href=\"https:\/\/www.herve-bennezon.com\/?p=198\">Montdidier : un marchand d&rsquo;oeufs tu\u00e9<\/a><div class=\"wp-block-latest-posts__post-excerpt\">Article paru dans Le Bonhomme Picard le mercredi 22 f\u00e9vrier 2023.<\/div><\/li>\n<li><a class=\"wp-block-latest-posts__post-title\" href=\"https:\/\/www.herve-bennezon.com\/?p=195\">A Montdidier, une bagarre dans une \u00e9glise en 1700<\/a><div class=\"wp-block-latest-posts__post-excerpt\">Article paru dans Le Bonhomme Picard, mercredi 21 avril 2021.<\/div><\/li>\n<li><a class=\"wp-block-latest-posts__post-title\" href=\"https:\/\/www.herve-bennezon.com\/?p=191\">Moreuil : le proc\u00e8s du si\u00e8cle<\/a><div class=\"wp-block-latest-posts__post-excerpt\">Article paru dans Le Bonhomme Picard, mercredi 29 avril 2021.<\/div><\/li>\n<\/ul>","protected":false},"excerpt":{"rendered":"","protected":false},"author":1,"featured_media":0,"parent":0,"menu_order":0,"comment_status":"closed","ping_status":"closed","template":"","meta":{"footnotes":""},"categories":[],"tags":[],"class_list":["post-217","page","type-page","status-publish","hentry"],"featured_image_src":null,"featured_image_src_square":null,"_links":{"self":[{"href":"https:\/\/www.herve-bennezon.com\/index.php?rest_route=\/wp\/v2\/pages\/217","targetHints":{"allow":["GET"]}}],"collection":[{"href":"https:\/\/www.herve-bennezon.com\/index.php?rest_route=\/wp\/v2\/pages"}],"about":[{"href":"https:\/\/www.herve-bennezon.com\/index.php?rest_route=\/wp\/v2\/types\/page"}],"author":[{"embeddable":true,"href":"https:\/\/www.herve-bennezon.com\/index.php?rest_route=\/wp\/v2\/users\/1"}],"replies":[{"embeddable":true,"href":"https:\/\/www.herve-bennezon.com\/index.php?rest_route=%2Fwp%2Fv2%2Fcomments&post=217"}],"version-history":[{"count":1,"href":"https:\/\/www.herve-bennezon.com\/index.php?rest_route=\/wp\/v2\/pages\/217\/revisions"}],"predecessor-version":[{"id":218,"href":"https:\/\/www.herve-bennezon.com\/index.php?rest_route=\/wp\/v2\/pages\/217\/revisions\/218"}],"wp:attachment":[{"href":"https:\/\/www.herve-bennezon.com\/index.php?rest_route=%2Fwp%2Fv2%2Fmedia&parent=217"}],"wp:term":[{"taxonomy":"category","embeddable":true,"href":"https:\/\/www.herve-bennezon.com\/index.php?rest_route=%2Fwp%2Fv2%2Fcategories&post=217"},{"taxonomy":"post_tag","embeddable":true,"href":"https:\/\/www.herve-bennezon.com\/index.php?rest_route=%2Fwp%2Fv2%2Ftags&post=217"}],"curies":[{"name":"wp","href":"https:\/\/api.w.org\/{rel}","templated":true}]}}

<ul class="wp-block-latest-posts__list wp-block-latest-posts"><li><div class="wp-block-latest-posts__featured-image"><img loading="lazy" decoding="async" width="150" height="150" src="https://www.herve-bennezon.com/wp-content/uploads/2025/10/Cafe-Livre-150x150.jpg" class="attachment-thumbnail size-thumbnail wp-post-image" alt="" style="" srcset="https://www.herve-bennezon.com/wp-content/uploads/2025/10/Cafe-Livre-150x150.jpg 150w, https://www.herve-bennezon.com/wp-content/uploads/2025/10/Cafe-Livre-600x600.jpg 600w, https://www.herve-bennezon.com/wp-content/uploads/2025/10/Cafe-Livre-420x420.jpg 420w, https://www.herve-bennezon.com/wp-content/uploads/2025/10/Cafe-Livre-100x100.jpg 100w" sizes="auto, (max-width: 150px) 100vw, 150px" /></div><a class="wp-block-latest-posts__post-title" href="https://www.herve-bennezon.com/?p=431">Ma dernière publication</a><div class="wp-block-latest-posts__post-excerpt">Retrouvez mon article « Le souffle du vaste monde, du café en Picardie au siècle des Lumières », ouvrage collectif paru aux Presses universitaires… <a class="wp-block-latest-posts__read-more" href="https://www.herve-bennezon.com/?p=431" rel="noopener noreferrer">Lire la suite<span class="screen-reader-text"> : Ma dernière publication</span></a></div></li>
<li><a class="wp-block-latest-posts__post-title" href="https://www.herve-bennezon.com/?p=357">Conférence de Montdidier, 5 octobre 2024</a><div class="wp-block-latest-posts__post-excerpt">Un article de Frédéric Patte, du Courrier Picard, suite à la conférence donnée à l&rsquo;Hôtel-de-Ville de Montdidier dans la foulée de la… <a class="wp-block-latest-posts__read-more" href="https://www.herve-bennezon.com/?p=357" rel="noopener noreferrer">Lire la suite<span class="screen-reader-text"> : Conférence de Montdidier, 5 octobre 2024</span></a></div></li>
<li><a class="wp-block-latest-posts__post-title" href="https://www.herve-bennezon.com/?p=198">Montdidier : un marchand d&rsquo;oeufs tué</a><div class="wp-block-latest-posts__post-excerpt">Article paru dans Le Bonhomme Picard le mercredi 22 février 2023.</div></li>
<li><a class="wp-block-latest-posts__post-title" href="https://www.herve-bennezon.com/?p=195">A Montdidier, une bagarre dans une église en 1700</a><div class="wp-block-latest-posts__post-excerpt">Article paru dans Le Bonhomme Picard, mercredi 21 avril 2021.</div></li>
<li><a class="wp-block-latest-posts__post-title" href="https://www.herve-bennezon.com/?p=191">Moreuil : le procès du siècle</a><div class="wp-block-latest-posts__post-excerpt">Article paru dans Le Bonhomme Picard, mercredi 29 avril 2021.</div></li>
</ul>
