{"id":105,"date":"2024-09-05T11:15:55","date_gmt":"2024-09-05T11:15:55","guid":{"rendered":"http:\/\/www.genealogie.herve-bennezon.com\/?page_id=105"},"modified":"2024-09-10T09:24:17","modified_gmt":"2024-09-10T09:24:17","slug":"les-inconnus-des-archives","status":"publish","type":"page","link":"https:\/\/www.herve-bennezon.com\/?page_id=105","title":{"rendered":"Les inconnus des archives"},"content":{"rendered":"\n<p><em><strong>Femmes et hommes du peuple, les traces qu&rsquo;ils ont laiss\u00e9es dans les diff\u00e9rents d\u00e9p\u00f4ts d&rsquo;archives<\/strong><\/em> <em><strong>permettent de r\u00e9aliser par petites touches une sorte de tableau pointilliste,<\/strong><\/em> <em><strong>une fresque des anonymes, acteurs d&rsquo;une Histoire vue d&rsquo;en bas.<\/strong><\/em><\/p>\n\n\n\n<div class=\"wp-block-query is-layout-flow wp-block-query-is-layout-flow\"><ul class=\"wp-block-post-template is-layout-flow wp-block-post-template-is-layout-flow\"><li class=\"wp-block-post post-345 post type-post status-publish format-standard has-post-thumbnail hentry category-les-inconnus-des-archives tag-elevage tag-commune-de-paris tag-courtemanche\">\n<h3 class=\"wp-block-post-title\"><a href=\"https:\/\/www.herve-bennezon.com\/?p=345\" target=\"_blank\" >L\u2019univers d\u2019Am\u00e9d\u00e9e Bennezon (1840-1924), berger \u00e0 Courtemanche<\/a><\/h3>\n\n<div class=\"wp-block-post-excerpt\"><p class=\"wp-block-post-excerpt__excerpt\">Au cours de mes recherches aux Archives d\u00e9partementales de la Somme, j\u2019ai crois\u00e9 le nom d\u2019Am\u00e9d\u00e9e Bennezon, berger \u00e0 Courtemanche dont j\u2019ignorais [&hellip;] <\/p><\/div>\n<\/li><li class=\"wp-block-post post-95 post type-post status-publish format-standard has-post-thumbnail hentry category-les-inconnus-des-archives\">\n<h3 class=\"wp-block-post-title\"><a href=\"https:\/\/www.herve-bennezon.com\/?p=95\" target=\"_blank\" >Zacharie Seigneurgens (1804-1862) itin\u00e9raire d&rsquo;un insurg\u00e9<\/a><\/h3>\n\n<div class=\"wp-block-post-excerpt\"><p class=\"wp-block-post-excerpt__excerpt\">Z\u00e9phir-Zacharie Seigneurgens est n\u00e9 \u00e0 Caix, dans la Somme, le 14 flor\u00e9al an XII (4 mars 1804), fils de Zacharie Seigneurgens (1772-1830), [&hellip;] <\/p><\/div>\n<\/li><li class=\"wp-block-post post-93 post type-post status-publish format-standard has-post-thumbnail hentry category-les-inconnus-des-archives\">\n<h3 class=\"wp-block-post-title\"><a href=\"https:\/\/www.herve-bennezon.com\/?p=93\" target=\"_blank\" >Un couple de militants ouvriers \u00e0 Amiens et \u00e0 Lille \u00e0 la Belle-Epoque<\/a><\/h3>\n\n<div class=\"wp-block-post-excerpt\"><p class=\"wp-block-post-excerpt__excerpt\">Mon int\u00e9r\u00eat pour l&rsquo;histoire \u00ab\u00a0par le bas\u00a0\u00bb, ch\u00e8re \u00e0 Edward P. Thomson et \u00e0 Robert Muchembled, m&rsquo;a incit\u00e9 \u00e0 interroger des documents [&hellip;] <\/p><\/div>\n<\/li><li class=\"wp-block-post post-90 post type-post status-publish format-standard hentry category-les-inconnus-des-archives\">\n<h3 class=\"wp-block-post-title\"><a href=\"https:\/\/www.herve-bennezon.com\/?p=90\" target=\"_blank\" >L&rsquo;univers des bergers et berg\u00e8res du pays de Santerre (XVIIIe si\u00e8cle)<\/a><\/h3>\n\n<div class=\"wp-block-post-excerpt\"><p class=\"wp-block-post-excerpt__excerpt\">Dans la Somme comme ailleurs, les Archives d\u00e9partementales conservent une foule de documents dont les plus connus sont probablement les registres paroissiaux [&hellip;] <\/p><\/div>\n<\/li><li class=\"wp-block-post post-88 post type-post status-publish format-standard hentry category-les-inconnus-des-archives\">\n<h3 class=\"wp-block-post-title\"><a href=\"https:\/\/www.herve-bennezon.com\/?p=88\" target=\"_blank\" >Fran\u00e7ois Cauconnier (1654-1720), jardinier \u00e0 Montreuil au temps du Roi Soleil<\/a><\/h3>\n\n<div class=\"wp-block-post-excerpt\"><p class=\"wp-block-post-excerpt__excerpt\">Dans la foul\u00e9e de ma th\u00e8se de doctorat sur la vie rurale \u00e0 l\u2019ombre de Paris, r\u00e9\u00e9dit\u00e9e en 2017 aux \u00c9ditions Les [&hellip;] <\/p><\/div>\n<\/li><\/ul>\n\n\n\n<\/div>\n","protected":false},"excerpt":{"rendered":"<p>Femmes et hommes du peuple, les traces qu&rsquo;ils ont laiss\u00e9es dans les diff\u00e9rents d\u00e9p\u00f4ts d&rsquo;archives permettent de r\u00e9aliser par petites touches une [&hellip;]<\/p>\n","protected":false},"author":1,"featured_media":0,"parent":0,"menu_order":0,"comment_status":"closed","ping_status":"closed","template":"","meta":{"footnotes":""},"categories":[],"tags":[],"class_list":["post-105","page","type-page","status-publish","hentry"],"featured_image_src":null,"featured_image_src_square":null,"_links":{"self":[{"href":"https:\/\/www.herve-bennezon.com\/index.php?rest_route=\/wp\/v2\/pages\/105","targetHints":{"allow":["GET"]}}],"collection":[{"href":"https:\/\/www.herve-bennezon.com\/index.php?rest_route=\/wp\/v2\/pages"}],"about":[{"href":"https:\/\/www.herve-bennezon.com\/index.php?rest_route=\/wp\/v2\/types\/page"}],"author":[{"embeddable":true,"href":"https:\/\/www.herve-bennezon.com\/index.php?rest_route=\/wp\/v2\/users\/1"}],"replies":[{"embeddable":true,"href":"https:\/\/www.herve-bennezon.com\/index.php?rest_route=%2Fwp%2Fv2%2Fcomments&post=105"}],"version-history":[{"count":4,"href":"https:\/\/www.herve-bennezon.com\/index.php?rest_route=\/wp\/v2\/pages\/105\/revisions"}],"predecessor-version":[{"id":332,"href":"https:\/\/www.herve-bennezon.com\/index.php?rest_route=\/wp\/v2\/pages\/105\/revisions\/332"}],"wp:attachment":[{"href":"https:\/\/www.herve-bennezon.com\/index.php?rest_route=%2Fwp%2Fv2%2Fmedia&parent=105"}],"wp:term":[{"taxonomy":"category","embeddable":true,"href":"https:\/\/www.herve-bennezon.com\/index.php?rest_route=%2Fwp%2Fv2%2Fcategories&post=105"},{"taxonomy":"post_tag","embeddable":true,"href":"https:\/\/www.herve-bennezon.com\/index.php?rest_route=%2Fwp%2Fv2%2Ftags&post=105"}],"curies":[{"name":"wp","href":"https:\/\/api.w.org\/{rel}","templated":true}]}}

<p><em><strong>Femmes et hommes du peuple, les traces qu&rsquo;ils ont laissées dans les différents dépôts d&rsquo;archives</strong></em> <em><strong>permettent de réaliser par petites touches une sorte de tableau pointilliste,</strong></em> <em><strong>une fresque des anonymes, acteurs d&rsquo;une Histoire vue d&rsquo;en bas.</strong></em></p>



<div class="wp-block-query is-layout-flow wp-block-query-is-layout-flow"><ul class="wp-block-post-template is-layout-flow wp-block-post-template-is-layout-flow"><li class="wp-block-post post-345 post type-post status-publish format-standard has-post-thumbnail hentry category-les-inconnus-des-archives tag-elevage tag-commune-de-paris tag-courtemanche">
<h3 class="wp-block-post-title"><a href="https://www.herve-bennezon.com/?p=345" target="_blank" >L’univers d’Amédée Bennezon (1840-1924), berger à Courtemanche</a></h3>

<div class="wp-block-post-excerpt"><p class="wp-block-post-excerpt__excerpt">Au cours de mes recherches aux Archives départementales de la Somme, j’ai croisé le nom d’Amédée Bennezon, berger à Courtemanche dont j’ignorais [&hellip;] </p></div>
</li><li class="wp-block-post post-95 post type-post status-publish format-standard has-post-thumbnail hentry category-les-inconnus-des-archives">
<h3 class="wp-block-post-title"><a href="https://www.herve-bennezon.com/?p=95" target="_blank" >Zacharie Seigneurgens (1804-1862) itinéraire d&rsquo;un insurgé</a></h3>

<div class="wp-block-post-excerpt"><p class="wp-block-post-excerpt__excerpt">Zéphir-Zacharie Seigneurgens est né à Caix, dans la Somme, le 14 floréal an XII (4 mars 1804), fils de Zacharie Seigneurgens (1772-1830), [&hellip;] </p></div>
</li><li class="wp-block-post post-93 post type-post status-publish format-standard has-post-thumbnail hentry category-les-inconnus-des-archives">
<h3 class="wp-block-post-title"><a href="https://www.herve-bennezon.com/?p=93" target="_blank" >Un couple de militants ouvriers à Amiens et à Lille à la Belle-Epoque</a></h3>

<div class="wp-block-post-excerpt"><p class="wp-block-post-excerpt__excerpt">Mon intérêt pour l&rsquo;histoire « par le bas », chère à Edward P. Thomson et à Robert Muchembled, m&rsquo;a incité à interroger des documents [&hellip;] </p></div>
</li><li class="wp-block-post post-90 post type-post status-publish format-standard hentry category-les-inconnus-des-archives">
<h3 class="wp-block-post-title"><a href="https://www.herve-bennezon.com/?p=90" target="_blank" >L&rsquo;univers des bergers et bergères du pays de Santerre (XVIIIe siècle)</a></h3>

<div class="wp-block-post-excerpt"><p class="wp-block-post-excerpt__excerpt">Dans la Somme comme ailleurs, les Archives départementales conservent une foule de documents dont les plus connus sont probablement les registres paroissiaux [&hellip;] </p></div>
</li><li class="wp-block-post post-88 post type-post status-publish format-standard hentry category-les-inconnus-des-archives">
<h3 class="wp-block-post-title"><a href="https://www.herve-bennezon.com/?p=88" target="_blank" >François Cauconnier (1654-1720), jardinier à Montreuil au temps du Roi Soleil</a></h3>

<div class="wp-block-post-excerpt"><p class="wp-block-post-excerpt__excerpt">Dans la foulée de ma thèse de doctorat sur la vie rurale à l’ombre de Paris, rééditée en 2017 aux Éditions Les [&hellip;] </p></div>
</li></ul>



</div>

<p>Femmes et hommes du peuple, les traces qu&rsquo;ils ont laissées dans les différents dépôts d&rsquo;archives permettent de réaliser par petites touches une [&hellip;]</p>
