{"id":64,"date":"2024-09-05T10:16:08","date_gmt":"2024-09-05T10:16:08","guid":{"rendered":"http:\/\/www.genealogie.herve-bennezon.com\/?post_type=product&#038;p=64"},"modified":"2024-09-06T14:31:14","modified_gmt":"2024-09-06T14:31:14","slug":"misere-et-violence-en-picardie-1589-1789-deux-siecles-de-confrontations-sociales","status":"publish","type":"product","link":"http:\/\/www.herve-bennezon.com\/?product=misere-et-violence-en-picardie-1589-1789-deux-siecles-de-confrontations-sociales","title":{"rendered":"Mis\u00e8re et violence en Picardie (1589-1789), deux si\u00e8cles de confrontations sociales"},"content":{"rendered":"<p><strong><em>Mis\u00e8re et violence en Picardie (1589-1789), deux si\u00e8cles de confrontations sociales<\/em><\/strong><\/p>\n<p>Paris, Editions Les Indes Savantes, 2023<\/p>\n<p>Pr\u00e9face de Robert Muchembled<\/p>\n<p>314 pages<\/p>\n","protected":false},"excerpt":{"rendered":"<p>Faisant suite \u00e0 La Vie en Picardie au XVIIIe si\u00e8cle, du caf\u00e9 dans les campagnes, nous voici plong\u00e9s dans le chaudron des passions humaines, au temps des fraises et des vertugadins, avant que les caprices de la mode ne provoquent le triomphe des perruques. De tr\u00e8s nombreux documents judiciaires l\u00e8vent le voile sur l&rsquo;essence des comportements collectifs, tout en permettant de discerner les pr\u00e9misses d&rsquo;une opinion publique en constitution au temps des Bourbons, dont l&rsquo;un des traits marquants fut l&rsquo;impressionnant esprit d&rsquo;indocilit\u00e9. \u00c0 dire vrai, la justice est l&rsquo;une des rares institutions de l&rsquo;\u00e9poque moderne \u00e0 avoir produit des sources massives \u00e0 caract\u00e8re narratif ; or celles des bailliages picards n&rsquo;avaient encore jamais \u00e9t\u00e9 explor\u00e9es. Mais elles ne pouvaient suffire \u00e0 embrasser l&rsquo;univers des g\u00e9n\u00e9rations qui nous ont pr\u00e9c\u00e9d\u00e9es, depuis l&rsquo;\u00e9poque troubl\u00e9e des guerres de Religion jusqu&rsquo;\u00e0 l&rsquo;aube de la R\u00e9volution. Il aura donc fallu resituer les h\u00e9ros de cet ouvrage \u2013 les paysans \u2013 dans un contexte familial, \u00e9conomique et social \u00e0 la fois tr\u00e8s diff\u00e9rent du n\u00f4tre, mais pourtant si proche, en sollicitant les \u00e9crits des notaires et des cur\u00e9s, et la correspondance administrative de l&rsquo;Intendance de Picardie, riche en informations de haut vol. Ajoutons les volumes du contr\u00f4le des r\u00e9giments de Sa Majest\u00e9, ainsi que les registres du bagne de Brest aux pages lourdes de mis\u00e8re humaine. L&rsquo;ensemble de ces documents permet d&rsquo;aborder un territoire perdu, v\u00e9ritable terra incognita sur laquelle le lecteur peut d\u00e9sormais cheminer et d\u00e9couvrir, avec \u00e9tonnement sans doute, le niveau d&rsquo;intensit\u00e9 des confrontations sociales dans le royaume des lys.<\/p>\n","protected":false},"featured_media":65,"comment_status":"open","ping_status":"closed","template":"","meta":[],"product_brand":[],"product_cat":[17],"product_tag":[],"class_list":{"0":"post-64","1":"product","2":"type-product","3":"status-publish","4":"has-post-thumbnail","6":"product_cat-livre","8":"first","9":"instock","10":"shipping-taxable","11":"purchasable","12":"product-type-simple"},"_links":{"self":[{"href":"http:\/\/www.herve-bennezon.com\/index.php?rest_route=\/wp\/v2\/product\/64","targetHints":{"allow":["GET"]}}],"collection":[{"href":"http:\/\/www.herve-bennezon.com\/index.php?rest_route=\/wp\/v2\/product"}],"about":[{"href":"http:\/\/www.herve-bennezon.com\/index.php?rest_route=\/wp\/v2\/types\/product"}],"replies":[{"embeddable":true,"href":"http:\/\/www.herve-bennezon.com\/index.php?rest_route=%2Fwp%2Fv2%2Fcomments&post=64"}],"wp:featuredmedia":[{"embeddable":true,"href":"http:\/\/www.herve-bennezon.com\/index.php?rest_route=\/wp\/v2\/media\/65"}],"wp:attachment":[{"href":"http:\/\/www.herve-bennezon.com\/index.php?rest_route=%2Fwp%2Fv2%2Fmedia&parent=64"}],"wp:term":[{"taxonomy":"product_brand","embeddable":true,"href":"http:\/\/www.herve-bennezon.com\/index.php?rest_route=%2Fwp%2Fv2%2Fproduct_brand&post=64"},{"taxonomy":"product_cat","embeddable":true,"href":"http:\/\/www.herve-bennezon.com\/index.php?rest_route=%2Fwp%2Fv2%2Fproduct_cat&post=64"},{"taxonomy":"product_tag","embeddable":true,"href":"http:\/\/www.herve-bennezon.com\/index.php?rest_route=%2Fwp%2Fv2%2Fproduct_tag&post=64"}],"curies":[{"name":"wp","href":"https:\/\/api.w.org\/{rel}","templated":true}]}}

Misère et violence en Picardie (1589-1789), deux siècles de confrontations sociales

<p><strong><em>Misère et violence en Picardie (1589-1789), deux siècles de confrontations sociales</em></strong></p>
<p>Paris, Editions Les Indes Savantes, 2023</p>
<p>Préface de Robert Muchembled</p>
<p>314 pages</p>

<p>Faisant suite à La Vie en Picardie au XVIIIe siècle, du café dans les campagnes, nous voici plongés dans le chaudron des passions humaines, au temps des fraises et des vertugadins, avant que les caprices de la mode ne provoquent le triomphe des perruques. De très nombreux documents judiciaires lèvent le voile sur l&rsquo;essence des comportements collectifs, tout en permettant de discerner les prémisses d&rsquo;une opinion publique en constitution au temps des Bourbons, dont l&rsquo;un des traits marquants fut l&rsquo;impressionnant esprit d&rsquo;indocilité. À dire vrai, la justice est l&rsquo;une des rares institutions de l&rsquo;époque moderne à avoir produit des sources massives à caractère narratif ; or celles des bailliages picards n&rsquo;avaient encore jamais été explorées. Mais elles ne pouvaient suffire à embrasser l&rsquo;univers des générations qui nous ont précédées, depuis l&rsquo;époque troublée des guerres de Religion jusqu&rsquo;à l&rsquo;aube de la Révolution. Il aura donc fallu resituer les héros de cet ouvrage – les paysans – dans un contexte familial, économique et social à la fois très différent du nôtre, mais pourtant si proche, en sollicitant les écrits des notaires et des curés, et la correspondance administrative de l&rsquo;Intendance de Picardie, riche en informations de haut vol. Ajoutons les volumes du contrôle des régiments de Sa Majesté, ainsi que les registres du bagne de Brest aux pages lourdes de misère humaine. L&rsquo;ensemble de ces documents permet d&rsquo;aborder un territoire perdu, véritable terra incognita sur laquelle le lecteur peut désormais cheminer et découvrir, avec étonnement sans doute, le niveau d&rsquo;intensité des confrontations sociales dans le royaume des lys.</p>
