{"id":178,"date":"2024-09-05T15:27:36","date_gmt":"2024-09-05T15:27:36","guid":{"rendered":"http:\/\/www.genealogie.herve-bennezon.com\/?page_id=178"},"modified":"2024-09-10T09:22:32","modified_gmt":"2024-09-10T09:22:32","slug":"en-picardie","status":"publish","type":"page","link":"http:\/\/www.herve-bennezon.com\/?page_id=178","title":{"rendered":"En Picardie"},"content":{"rendered":"\n<div class=\"wp-block-query is-layout-flow wp-block-query-is-layout-flow\"><ul class=\"wp-block-post-template is-layout-flow wp-block-post-template-is-layout-flow\"><li class=\"wp-block-post post-431 post type-post status-publish format-standard has-post-thumbnail hentry category-revue-de-presse\">\n<h4 class=\"wp-block-post-title\"><a href=\"http:\/\/www.herve-bennezon.com\/?p=431\" target=\"_self\" >Ma derni\u00e8re publication<\/a><\/h4>\n<\/li><li class=\"wp-block-post post-419 post type-post status-publish format-standard has-post-thumbnail hentry category-emissions-en-ligne category-en-picardie\">\n<h4 class=\"wp-block-post-title\"><a href=\"http:\/\/www.herve-bennezon.com\/?p=419\" target=\"_self\" >Vid\u00e9o : conf\u00e9rence \u00ab Du caf\u00e9 en Picardie au si\u00e8cle des Lumi\u00e8res \u00bb<\/a><\/h4>\n<\/li><li class=\"wp-block-post post-345 post type-post status-publish format-standard has-post-thumbnail hentry category-les-inconnus-des-archives tag-elevage tag-commune-de-paris tag-courtemanche\">\n<h4 class=\"wp-block-post-title\"><a href=\"http:\/\/www.herve-bennezon.com\/?p=345\" target=\"_self\" >L\u2019univers d\u2019Am\u00e9d\u00e9e Bennezon (1840-1924), berger \u00e0 Courtemanche<\/a><\/h4>\n<\/li><li class=\"wp-block-post post-353 post type-post status-publish format-standard hentry category-emissions-en-ligne category-en-picardie tag-ancien-regime tag-archives-judiciaires\">\n<h4 class=\"wp-block-post-title\"><a href=\"http:\/\/www.herve-bennezon.com\/?p=353\" target=\"_self\" >Vid\u00e9o. Mis\u00e8re et violence en Picardie : conf\u00e9rence du 5 novembre 2024<\/a><\/h4>\n<\/li><li class=\"wp-block-post post-357 post type-post status-publish format-standard hentry category-revue-de-presse tag-courrier-picard tag-faits-divers tag-montdidier\">\n<h4 class=\"wp-block-post-title\"><a href=\"http:\/\/www.herve-bennezon.com\/?p=357\" target=\"_self\" >Conf\u00e9rence de Montdidier, 5 octobre 2024<\/a><\/h4>\n<\/li><li class=\"wp-block-post post-263 post type-post status-publish format-standard has-post-thumbnail hentry category-en-picardie\">\n<h4 class=\"wp-block-post-title\"><a href=\"http:\/\/www.herve-bennezon.com\/?p=263\" target=\"_self\" >Volontaires de la 7e compagnie du 6e Bataillon de la Somme natifs du village d&rsquo;Hangest-en-Santerre (1792-an IV)<\/a><\/h4>\n<\/li><li class=\"wp-block-post post-261 post type-post status-publish format-standard hentry category-en-picardie\">\n<h4 class=\"wp-block-post-title\"><a href=\"http:\/\/www.herve-bennezon.com\/?p=261\" target=\"_self\" >Epigraphie<\/a><\/h4>\n<\/li><li class=\"wp-block-post post-266 post type-post status-publish format-standard has-post-thumbnail hentry category-en-picardie\">\n<h4 class=\"wp-block-post-title\"><a href=\"http:\/\/www.herve-bennezon.com\/?p=266\" target=\"_self\" >Soldats de l&#8217;empire natifs d&rsquo;Hangest-en-Santerre<\/a><\/h4>\n<\/li><li class=\"wp-block-post post-224 post type-post status-publish format-standard hentry category-en-picardie\">\n<h4 class=\"wp-block-post-title\"><a href=\"http:\/\/www.herve-bennezon.com\/?p=224\" target=\"_self\" >Marques et signatures (XVI et XVIIe s.)<\/a><\/h4>\n<\/li><li class=\"wp-block-post post-198 post type-post status-publish format-standard hentry category-en-picardie category-revue-de-presse\">\n<h4 class=\"wp-block-post-title\"><a href=\"http:\/\/www.herve-bennezon.com\/?p=198\" target=\"_self\" >Montdidier : un marchand d&rsquo;oeufs tu\u00e9<\/a><\/h4>\n<\/li><li class=\"wp-block-post post-195 post type-post status-publish format-standard hentry category-en-picardie category-revue-de-presse\">\n<h4 class=\"wp-block-post-title\"><a href=\"http:\/\/www.herve-bennezon.com\/?p=195\" target=\"_self\" >A Montdidier, une bagarre dans une \u00e9glise en 1700<\/a><\/h4>\n<\/li><li class=\"wp-block-post post-191 post type-post status-publish format-standard hentry category-en-picardie category-revue-de-presse\">\n<h4 class=\"wp-block-post-title\"><a href=\"http:\/\/www.herve-bennezon.com\/?p=191\" target=\"_self\" >Moreuil : le proc\u00e8s du si\u00e8cle<\/a><\/h4>\n<\/li><li class=\"wp-block-post post-187 post type-post status-publish format-standard hentry category-en-picardie category-revue-de-presse\">\n<h4 class=\"wp-block-post-title\"><a href=\"http:\/\/www.herve-bennezon.com\/?p=187\" target=\"_self\" >Roye et Santerre : le loup est revenu<\/a><\/h4>\n<\/li><li class=\"wp-block-post post-176 post type-post status-publish format-standard hentry category-en-picardie\">\n<h4 class=\"wp-block-post-title\"><a href=\"http:\/\/www.herve-bennezon.com\/?p=176\" target=\"_self\" >Les marguilliers de la paroisse Saint-Martin d&rsquo;Hangest-en-Santerre (XVIe-XVIIIe si\u00e8cle)<\/a><\/h4>\n<\/li><li class=\"wp-block-post post-173 post type-post status-publish format-standard hentry category-en-picardie\">\n<h4 class=\"wp-block-post-title\"><a href=\"http:\/\/www.herve-bennezon.com\/?p=173\" target=\"_self\" >La g\u00e9n\u00e9alogie des Bennezon<\/a><\/h4>\n<\/li><\/ul>\n\n<nav class=\"wp-block-query-pagination is-layout-flex wp-block-query-pagination-is-layout-flex\" aria-label=\"Pagination\">\n\n\n<div class=\"wp-block-query-pagination-numbers\"><span aria-label=\"Page 1\" aria-current=\"page\" class=\"page-numbers current\">1<\/span>\n<a aria-label=\"Page 2\" class=\"page-numbers\" href=\"?query-1-page=2&#038;rest_route=%2Fwp%2Fv2%2Fpages%2F178\">2<\/a><\/div>\n\n<a href=\"\/index.php?rest_route=%2Fwp%2Fv2%2Fpages%2F178&#038;query-1-page=2\" class=\"wp-block-query-pagination-next\">Page suivante<\/a>\n<\/nav>\n\n<\/div>\n","protected":false},"excerpt":{"rendered":"","protected":false},"author":1,"featured_media":0,"parent":0,"menu_order":0,"comment_status":"closed","ping_status":"closed","template":"","meta":{"footnotes":""},"categories":[],"tags":[],"class_list":["post-178","page","type-page","status-publish","hentry"],"featured_image_src":null,"featured_image_src_square":null,"_links":{"self":[{"href":"http:\/\/www.herve-bennezon.com\/index.php?rest_route=\/wp\/v2\/pages\/178","targetHints":{"allow":["GET"]}}],"collection":[{"href":"http:\/\/www.herve-bennezon.com\/index.php?rest_route=\/wp\/v2\/pages"}],"about":[{"href":"http:\/\/www.herve-bennezon.com\/index.php?rest_route=\/wp\/v2\/types\/page"}],"author":[{"embeddable":true,"href":"http:\/\/www.herve-bennezon.com\/index.php?rest_route=\/wp\/v2\/users\/1"}],"replies":[{"embeddable":true,"href":"http:\/\/www.herve-bennezon.com\/index.php?rest_route=%2Fwp%2Fv2%2Fcomments&post=178"}],"version-history":[{"count":2,"href":"http:\/\/www.herve-bennezon.com\/index.php?rest_route=\/wp\/v2\/pages\/178\/revisions"}],"predecessor-version":[{"id":330,"href":"http:\/\/www.herve-bennezon.com\/index.php?rest_route=\/wp\/v2\/pages\/178\/revisions\/330"}],"wp:attachment":[{"href":"http:\/\/www.herve-bennezon.com\/index.php?rest_route=%2Fwp%2Fv2%2Fmedia&parent=178"}],"wp:term":[{"taxonomy":"category","embeddable":true,"href":"http:\/\/www.herve-bennezon.com\/index.php?rest_route=%2Fwp%2Fv2%2Fcategories&post=178"},{"taxonomy":"post_tag","embeddable":true,"href":"http:\/\/www.herve-bennezon.com\/index.php?rest_route=%2Fwp%2Fv2%2Ftags&post=178"}],"curies":[{"name":"wp","href":"https:\/\/api.w.org\/{rel}","templated":true}]}}

<div class="wp-block-query is-layout-flow wp-block-query-is-layout-flow"><ul class="wp-block-post-template is-layout-flow wp-block-post-template-is-layout-flow"><li class="wp-block-post post-431 post type-post status-publish format-standard has-post-thumbnail hentry category-revue-de-presse">
<h4 class="wp-block-post-title"><a href="http://www.herve-bennezon.com/?p=431" target="_self" >Ma dernière publication</a></h4>
</li><li class="wp-block-post post-419 post type-post status-publish format-standard has-post-thumbnail hentry category-emissions-en-ligne category-en-picardie">
<h4 class="wp-block-post-title"><a href="http://www.herve-bennezon.com/?p=419" target="_self" >Vidéo : conférence « Du café en Picardie au siècle des Lumières »</a></h4>
</li><li class="wp-block-post post-345 post type-post status-publish format-standard has-post-thumbnail hentry category-les-inconnus-des-archives tag-elevage tag-commune-de-paris tag-courtemanche">
<h4 class="wp-block-post-title"><a href="http://www.herve-bennezon.com/?p=345" target="_self" >L’univers d’Amédée Bennezon (1840-1924), berger à Courtemanche</a></h4>
</li><li class="wp-block-post post-353 post type-post status-publish format-standard hentry category-emissions-en-ligne category-en-picardie tag-ancien-regime tag-archives-judiciaires">
<h4 class="wp-block-post-title"><a href="http://www.herve-bennezon.com/?p=353" target="_self" >Vidéo. Misère et violence en Picardie : conférence du 5 novembre 2024</a></h4>
</li><li class="wp-block-post post-357 post type-post status-publish format-standard hentry category-revue-de-presse tag-courrier-picard tag-faits-divers tag-montdidier">
<h4 class="wp-block-post-title"><a href="http://www.herve-bennezon.com/?p=357" target="_self" >Conférence de Montdidier, 5 octobre 2024</a></h4>
</li><li class="wp-block-post post-263 post type-post status-publish format-standard has-post-thumbnail hentry category-en-picardie">
<h4 class="wp-block-post-title"><a href="http://www.herve-bennezon.com/?p=263" target="_self" >Volontaires de la 7e compagnie du 6e Bataillon de la Somme natifs du village d&rsquo;Hangest-en-Santerre (1792-an IV)</a></h4>
</li><li class="wp-block-post post-261 post type-post status-publish format-standard hentry category-en-picardie">
<h4 class="wp-block-post-title"><a href="http://www.herve-bennezon.com/?p=261" target="_self" >Epigraphie</a></h4>
</li><li class="wp-block-post post-266 post type-post status-publish format-standard has-post-thumbnail hentry category-en-picardie">
<h4 class="wp-block-post-title"><a href="http://www.herve-bennezon.com/?p=266" target="_self" >Soldats de l&#8217;empire natifs d&rsquo;Hangest-en-Santerre</a></h4>
</li><li class="wp-block-post post-224 post type-post status-publish format-standard hentry category-en-picardie">
<h4 class="wp-block-post-title"><a href="http://www.herve-bennezon.com/?p=224" target="_self" >Marques et signatures (XVI et XVIIe s.)</a></h4>
</li><li class="wp-block-post post-198 post type-post status-publish format-standard hentry category-en-picardie category-revue-de-presse">
<h4 class="wp-block-post-title"><a href="http://www.herve-bennezon.com/?p=198" target="_self" >Montdidier : un marchand d&rsquo;oeufs tué</a></h4>
</li><li class="wp-block-post post-195 post type-post status-publish format-standard hentry category-en-picardie category-revue-de-presse">
<h4 class="wp-block-post-title"><a href="http://www.herve-bennezon.com/?p=195" target="_self" >A Montdidier, une bagarre dans une église en 1700</a></h4>
</li><li class="wp-block-post post-191 post type-post status-publish format-standard hentry category-en-picardie category-revue-de-presse">
<h4 class="wp-block-post-title"><a href="http://www.herve-bennezon.com/?p=191" target="_self" >Moreuil : le procès du siècle</a></h4>
</li><li class="wp-block-post post-187 post type-post status-publish format-standard hentry category-en-picardie category-revue-de-presse">
<h4 class="wp-block-post-title"><a href="http://www.herve-bennezon.com/?p=187" target="_self" >Roye et Santerre : le loup est revenu</a></h4>
</li><li class="wp-block-post post-176 post type-post status-publish format-standard hentry category-en-picardie">
<h4 class="wp-block-post-title"><a href="http://www.herve-bennezon.com/?p=176" target="_self" >Les marguilliers de la paroisse Saint-Martin d&rsquo;Hangest-en-Santerre (XVIe-XVIIIe siècle)</a></h4>
</li><li class="wp-block-post post-173 post type-post status-publish format-standard hentry category-en-picardie">
<h4 class="wp-block-post-title"><a href="http://www.herve-bennezon.com/?p=173" target="_self" >La généalogie des Bennezon</a></h4>
</li></ul>

<nav class="wp-block-query-pagination is-layout-flex wp-block-query-pagination-is-layout-flex" aria-label="Pagination">


<div class="wp-block-query-pagination-numbers"><span aria-label="Page 1" aria-current="page" class="page-numbers current">1</span>
<a aria-label="Page 2" class="page-numbers" href="?query-1-page=2&#038;rest_route=%2Fwp%2Fv2%2Fpages%2F178">2</a></div>

<a href="/index.php?rest_route=%2Fwp%2Fv2%2Fpages%2F178&#038;query-1-page=2" class="wp-block-query-pagination-next">Page suivante</a>
</nav>

</div>
